 = 75 + -15. Let u = 62 - a. Suppose -u*c + 254 = 5*o, 3*o = 5*c + 80 - 746. What are the prime factors of c?
2, 3, 11
Let v(o) be the third derivative of o**5/60 + o**4/4 + 2*o**3/3 + 12*o**2. Let d be v(-2). Let j(i) = -24*i - 5. List the prime factors of j(d).
7, 13
Let j = -234 + 237. Suppose 4*b = 6*b - j*p - 6, 0 = b + 4*p - 3. What are the prime factors of b?
3
Let h(m) = -m**3 + 11*m**2 - 7*m - 5. Let o be h(10). Suppose 0 = w + o - 31. Suppose 2*x = w*x - 932. What are the prime factors of x?
233
Suppose -4*b + 3*j + 165 = -0*j, -122 = -3*b + 4*j. Let f = b + -27. Suppose 489 = f*y - 276. What are the prime factors of y?
3, 17
Let r = -2300 - -4211. Suppose 41*q = 34*q + r. List the prime factors of q.
3, 7, 13
Let s(l) = -1064*l - 334. List the prime factors of s(-6).
2, 5, 11
Let b be 568/284*(1609/2)/(-1). Let p = -869 - b. What are the prime factors of p?
2, 5, 37
Suppose 30*f + 3*g = 25*f + 4973, -2*f + 1978 = 4*g. What are the prime factors of f?
997
Let s be ((-6)/(-1))/(6/9*1). Suppose s*x = 16*x - 1463. What are the prime factors of x?
11, 19
Let p be 3*((-102)/(-18) - 4). Suppose -5*c + 2740 = -5*b, p*b = -2*c + 3*b + 1116. What are the prime factors of c?
7, 79
Let h = 3822 - 3914. Let n(v) = -209*v**3 - 2*v**2 + v. Let m be n(1). Let u = h - m. List the prime factors of u.
2, 59
Let c be (1/5)/(84/2520). Suppose w = 4*j - 254, 0 = w - 4*w - c. List the prime factors of j.
3, 7
Suppose -w + 88110 = n, 4*n - 355352 = -9*w - 2922. What are the prime factors of n?
2, 5507
Suppose 0 = -4*k, z - 4*k = 5*z + 2000. Let l = 245 - z. What are the prime factors of l?
5, 149
Let x(t) = 23*t**2 - 18*t - 21. What are the prime factors of x(-3)?
2, 3, 5
Suppose -4*g + 15705 = a, 4*g + 72649 + 5732 = 5*a. List the prime factors of a.
3, 5227
Suppose j - 4530 = 4*n, 20298 = 4*j - 3*n + 2269. What are the prime factors of j?
2, 2251
Let a = 2156 - 2615. Let x = 168 - 421. Let r = x - a. List the prime factors of r.
2, 103
Suppose 2*f - 46 = -3*x + 4*x, 6 = -3*x. Suppose 77*m - 106*m + 5568 = 0. Let q = m - f. List the prime factors of q.
2, 5, 17
Let b(r) be the third derivative of r**5/20 - r**4/8 + 8*r**3/3 + 6*r**2. Let i = 351 + -346. What are the prime factors of b(i)?
2, 19
Suppose -5*b + o + 1252 + 4577 = 0, 5*b - 5835 = -5*o. List the prime factors of b.
2, 11, 53
Suppose -27849*v - 307184 = -27865*v. List the prime factors of v.
73, 263
Suppose -6*x - 80 = -x. Let v(o) = -4*o + 25. List the prime factors of v(x).
89
Let k = 7426 + 3925. What are the prime factors of k?
11351
Let g(y) = -2*y**3 + 14*y**2 - 2*y + 18. Let p be g(7). What are the prime factors of 9864/54 - p/6?
2, 7, 13
Let j(l) = l**3 - 6*l**2 + 6*l + 9. Suppose -37 = -4*o - 3*t - 2, -3*t + 3 = 0. List the prime factors of j(o).
5, 37
Let j(h) = -2190*h - 60. Let i be j(-1). Suppose -5*r + 5*t + 5235 = 0, -4*t - 3108 = -5*r + i. List the prime factors of r.
2, 3, 5, 7
Let s(j) = -5598*j - 227. List the prime factors of s(-11).
19, 3229
Let i = 84302 - 47334. List the prime factors of i.
2, 4621
Suppose -31*n = -26*n - 15, -12996 = -3*c - 2*n. List the prime factors of c.
2, 5, 433
Let h(k) = 1620*k - 146 - 817*k - 893*k. List the prime factors of h(-14).
2, 557
Suppose -34*y + 1908588 = 23*y. List the prime factors of y.
2, 11, 761
Suppose -5*l + 54406 = o, -3*o + 91*l + 163099 = 89*l. What are the prime factors of o?
54371
List the prime factors of 15647361/194*(-1 + (-5)/(-3)).
17, 3163
Let i = 126 + -3. Let c = 144 - i. What are the prime factors of (6312/21)/2 - 6/c?
2, 3, 5
Let i = -510 - -508. List the prime factors of (2/(i/57))/((-56)/1344).
2, 3, 19
Suppose -2*i + 1773 = -3057. Suppose 15*b = 20*b - i. List the prime factors of b.
3, 7, 23
Suppose -361*b = -372*b + 90573 + 64263. List the prime factors of b.
2, 3, 17, 23
Let x = 6363 + -4146. List the prime factors of x.
3, 739
Let b(d) = 25*d**2 - 4. Suppose 5*y - 4*q - 23 = 56, -4*y = 2*q - 58. Let m = y - 13. List the prime factors of b(m).
2, 3
Suppose 4*i - 71 = r, -r - 7 = -3*i + 46. Suppose 0 = 13*l - i*l. Suppose l = 2*b - 5*b - 2*a + 633, 0 = 4*a + 12. What are the prime factors of b?
3, 71
Suppose 0 = -9*l - 21 + 30. What are the prime factors of (0 + l - (-355)/10)*44?
2, 11, 73
Let k(l) be the first derivative of l**4/12 + l**3 - 2*l**2 - 12*l - 38. Let p(v) be the first derivative of k(v). List the prime factors of p(4).
2, 3
Let n(o) = -o**2 + 19*o + 14. Let l be n(13). Suppose -5*k + l = 3*w - 4*w, w = -5*k + 98. Suppose -394 + k = -3*j. What are the prime factors of j?
5
Suppose -45*w - 107450 = 7885. Let o = -1488 - w. What are the prime factors of o?
5, 43
Suppose 860*r = 850*r + 91730. What are the prime factors of r?
9173
Let f(m) = 31*m - 74. Let c = 101 - 85. List the prime factors of f(c).
2, 211
List the prime factors of (8/5 + 0)/(264/4643760).
2, 1759
Suppose 3*m + 2*m - 955 = -4*n, 4*m + 2*n - 764 = 0. Suppose 5*k + 340 = -275. Let d = m + k. What are the prime factors of d?
2, 17
Let u(m) = -2*m**3 + 3*m**2 + m - 3. Let l be u(1). Let a be ((-5)/(25/2))/(l/10). Suppose -g + 404 = 5*n, a*g = -6 + 2. What are the prime factors of n?
3
Suppose -b = -10*t + 11*t - 230, -2*b = -4*t - 460. List the prime factors of b.
2, 5, 23
Let x(c) = -c**2 + c. Let a(s) = 3*s**2 + 15*s + 13. Let r(y) = a(y) + 2*x(y). What are the prime factors of r(13)?
13, 31
Suppose -5*w + 4*p = -22461, w + p - 2064 - 2430 = 0. What are the prime factors of w?
4493
What are the prime factors of (-6)/18 - 2426/(-6)?
2, 101
Let t = 180 - -639. Let w = 21 - 17. Suppose 0 = 3*s + w*s - t. List the prime factors of s.
3, 13
List the prime factors of ((-184)/(-16) + -1)/(7/((-93604)/(-6))).
7, 3343
Let l = 120 - 148. Let f be 1 - ((-2)/(-8) - 1113/l). What are the prime factors of 3/3 - f - 5?
5, 7
Suppose 3*z = -41 + 50. Suppose 4*q = 4*u + 92, -2*q = -4*u + z*u - 47. List the prime factors of q.
2, 3
Let p = -84 + 104. Let l be (-3)/6*111*p/(-6). Suppose -a + 61 = -i, 3*a + 0*i = 4*i + l. List the prime factors of a.
59
Let c = -18428 - -35633. What are the prime factors of c?
3, 5, 31, 37
Suppose 17555 + 6472 = 3*t + 3*i, -4*i = -20. What are the prime factors of t?
2, 3, 23, 29
Suppose 38 = 17*j - 15*j. Suppose -1 = -4*n - 3*c, -n + 3*c = -0*c - j. Suppose 89 = n*v - 247. What are the prime factors of v?
2, 3, 7
Let j = 9 - -8. Let v(m) = -m + 21. Let a be v(j). What are the prime factors of (44/10)/((-4)/((-160)/a))?
2, 11
Let x = 188551 + -123624. List the prime factors of x.
64927
Suppose 0*j = -j + 50. Let h be j/15*(1 - 4). List the prime factors of h/45*-3*3.
2
Let y be 380/50 - (-3)/(30/4). Let v(f) = 11*f + 10 + y*f - 6*f. List the prime factors of v(3).
7
Let c(f) = -62*f**3 - f**2 - 27*f + 16. List the prime factors of c(-6).
2, 67, 101
Suppose 5*y = 4*f - 4373, -y + 3*y + 4382 = 4*f. Suppose -47 = 6*g - f. List the prime factors of g.
5, 7
List the prime factors of (1/(-2))/((-256)/14817792).
3, 11, 877
Let o(p) = 488*p + 1273. What are the prime factors of o(6)?
4201
Suppose -5*z - 68 = -6*z. Suppose 13*l + z = 11*l. List the prime factors of l*(-6)/2 - -3.
3, 5, 7
Let a = 741 + -323. Let w = a + -408. What are the prime factors of w?
2, 5
Suppose 8970*l = 8993*l - 1625801. List the prime factors of l.
70687
Let o = 226 - 211. What are the prime factors of 4461/o + (-88)/20 + 4?
3, 11
Let z(g) = -g**3 - 10*g**2 + g + 13. Let a(v) = 6*v**2 - 25*v. Let d be a(4). Let r be (-19 - 4/(-1))*d/(-6). What are the prime factors of z(r)?
3
Let o(w) = -w**3 + 53*w**2 - 83*w - 49. List the prime factors of o(29).
2, 277
Suppose -90*p + 251735 = 9*p - 386419. What are the prime factors of p?
2, 11, 293
Suppose -179319 + 3553306 = 95*b - 1208528. What are the prime factors of b?
3, 7, 2297
Let n be 896/4 + 3 + 2. Let x = n - 180. List the prime factors of x.
7
Suppose -4*a - 5*w = -a - 85, -a + 27 = 2*w. Suppose 30*s - a*s + 7299 = -3*d, 4 = 2*d. List the prime factors of s.
3, 487
Suppose 91*k - 1027 = -117. Let g(q) = -13*q**2 + 33*q - 3. Let b(m) = 7*m**2 - 17*m + 2. Let u(o) = 11*b(o) + 6*g(o). List the prime factors of u(k).
2, 7
Let t(l) = 8915*l + 254. List the prime factors of t(1).
53, 173
Suppose 12 = m - 0*m. Suppose 28 = 4*i - 2*s, -7*i - 4*s - 14 = -9*i. Suppose m*r = i*r + 290. What are the prime fac